 -18
-29
-7 + (16 - 5 - 7) - (7 + 1)
-11
Evaluate 10 - (-22 - 9 - -49).
-8
What is the value of -78 - (-25 + -55) - (2 + -3 + -8)?
11
What is 5 + 49 + 12 - -15?
81
Calculate 20 + 1 + (-17 - (35 - 45)).
14
Evaluate 114 + (-17 - (-31 + -1) - 40).
89
Calculate (-9 - (-17 + -8 + 28)) + (9 - 3).
-6
Calculate 33 + (33 - (-1 + 24 + -16)).
59
(-18 - 3 - -3) + -146 + 101 + 21
-42
16 + (-28 - -23) - 4
7
Evaluate (-4 + 29 + -10 - 6) + 50.
59
What is the value of 16 - -19 - -47 - 81?
1
Calculate 1057 - 1041 - (27 + -3 + 2).
-10
What is the value of 6 + 8 + (19 - 35) + 12?
10
-18 - (-20 + (180 - 41) + -27)
-110
(-14 - (-30 - (14 - 28))) + (5 - -4)
11
What is (19 - 2) + 272 + -291 + -64?
-66
What is (33 - -32 - -4) + -37?
32
(103 - 52 - -26) + 18
95
Evaluate (-11 - -34) + 24 + -48 - 23.
-24
What is (-31 - (-65 + (8 - 30))) + -15?
41
What is 830 + -820 - (3 - 4)?
11
Evaluate (-37 - -8) + 26 - -13 - -15.
25
-86 + 157 + 21 + -114
-22
Evaluate -13 - (-12 + 3 + -4) - (43 + 1).
-44
Calculate -567 + 557 + (2 - 1 - 17).
-26
What is the value of 95 + -43 + -37 + -20 + -5 - (1 + 18)?
-29
What is the value of (44 - 64) + -24 - -30?
-14
Calculate (54 - 42 - (-15 + 5)) + (-1 + 3 - -2).
26
What is (-76 - 8 - 39) + -1 + 16 - (3 - 14)?
-97
What is the value of -21 + (-46 - -44) + (0 - -20)?
-3
(5 - (-22 - -38)) + -25 + 5
-31
What is the value of -7 + (3 - 3 - (214 - 224)) + (75 - 0)?
78
What is the value of 7 + (-6 - -13 - (42 + -23))?
-5
Calculate -208 + (154 - -25) - (0 + -155).
126
Calculate (0 - 1 - -45) + (-45 - 3 - (-33 + -20)).
49
Calculate 37 - (-12 + 39) - 38.
-28
What is the value of -44 + 97 + 21 - 57?
17
What is 13 - (-45 + 51 - -50)?
-43
Calculate 23 - 14 - (-25 - -10 - (-3 - (4 - 4))).
21
What is the value of 7 - -1 - ((-1 - -16 - -17) + -3 + 8)?
-29
What is the value of -22 + -3 - (118 - (52 - -12))?
-79
Calculate -73 - ((27 - (13 - 4)) + -7 + -6 + 5).
-83
What is 14 + 0 + -22 + (3 - -12 - (-14 - -23))?
-2
What is the value of 5 + -68 - (-11 - (50 + -35))?
-37
Evaluate -100 + 54 + 151 + -37.
68
(218 - 8) + -30 - 87
93
Evaluate 17 + (-21 - 3) + 127 + -25 + 16.
111
Evaluate 73 - (-37 - (-18 - 23) - (7 + 2)).
78
What is the value of 98 + -93 + (52 - 123)?
-66
What is the value of 13 + (-96 - (-13 + -3)) - -14?
-53
Calculate 315 + -193 + (-23 - 65).
34
Evaluate (8 - -63) + (-87 - -123 - (18 - -1)).
88
What is -148 - -67 - 40 - -62?
-59
-89 + -8 - (34 + 0 + (8 - 46))
-93
What is the value of (-14 - 6 - (9 + -14)) + -12 + 6?
-21
What is the value of 0 + 13 - (10 - (-4 + 6 - 12))?
-7
What is the value of (-3 + 5 - 0) + 84 + -75 + -14?
-3
What is -1 + -54 - (17 + (-6 + 13 - 7) + -10)?
-62
What is 18 + (7 + 4 - -68) + (-8 - -6)?
95
64 + 45 + -120 + 0 + 18
7
What is (-23 - 7 - (10 + -24)) + 17?
1
What is -3 + (-4 - (-2 - -55)) + (-41 + 79 - 43)?
-65
What is the value of -3 + 0 + 2 - (-4597 + 4682)?
-86
Calculate (-7 + -5 - (-2 + 7)) + (-220 - -158).
-79
Calculate 37 + 0 + (-5639 - -5503).
-99
5 + 17 + -45 + -14
-37
What is -9 - -1 - ((-2 - 0 - (122 - 133)) + 10)?
-27
What is 0 + ((-3 - (5 + -7)) + 9 - (102 - 32))?
-62
What is the value of 8169 + -8144 - (31 + 1 - 0)?
-7
64 + 0 + 295 + -349
10
What is the value of 1 + -3 - (95 + -88) - -15?
6
Evaluate (-6 - -8 - (-2 + 17)) + 45 + -14 + -24.
-6
What is -26 - 8 - (-24 + -11)?
1
What is the value of 41 + 62 + -65 + 18 + -2?
54
What is 2 - -16 - (21 - 5 - -18)?
-16
What is the value of 4 + -2 + 4 + (-74 + 15 - -104)?
51
What is the value of 21 + -31 + 1 + 6 + (34 - (1 + 2))?
28
Evaluate 24 + (-30 + 40 - -27).
61
What is (11 - 14) + -70 - (1 + -31)?
-43
What is the value of -33 + (-11 - -16) + -13 + 29?
-12
Evaluate 3 + -64 - (32 - (18 - -29) - (-2 + -24)).
-72
Calculate 121 - 102 - -105 - 43.
81
(33 + -3 - 45) + (6 - 1) + -5 - 4
-19
What is the value of 0 - -5 - (9 - -5) - -3 - (726 + -780)?
48
What is 47 - (-31 + 7) - (29 + 0)?
42
Calculate -7 - (-15 + -2 + 0 - (-2093 - -2095)).
12
What is -76 - -7 - -82 - (-3 + 6 - 25)?
35
Evaluate (-2 + -2 - 1) + -3 + -98 + -29 + 57.
-78
What is (215 + -100 - 167) + (2 - 11)?
-61
Evaluate 143 - (-3 + 4 + -5) - (20 - 1).
128
What is the value of 42 + -43 + -6 + 39?
32
23 - (-15 + 36 + 25 - 12)
-11
-24 + 5 + (-15 + -18 + 6 - -23)
-23
What is the value of (8 - (51 - 14)) + (-3 - (-5 - -6 - 6))?
-27
Calculate -46 + (46 - (19 - 62)).
43
What is 83 - (-2 + -3 - (-31 - -38))?
95
Evaluate -3 - -16 - (-14 + -23 - -45) - (-27 + 0).
32
-41 - (268 - 317) - (2 - -101)
-95
(30 + -3 - 47) + -11
-31
Calculate 10 - ((14 - 1) + 18 + 4 + -35).
10
What is the value of (-18 - -3) + (90 - 9) + 6?
72
Evaluate -3 + -85 + -8 + (-20 - -28) + (3 - 2).
-87
What is -108 - (40 - (135 - 71))?
-84
Evaluate -10 + -56 - (-421 + 459).
-104
Calculate -11 - ((-48 - -11) + 13) - (-3 - 75).
91
What is the value of 5 + 0 + (5 - (0 + -2) - 90) + -15?
-93
Evaluate (8 - -105 - 0) + -6 + -15 + 51 + -44.
99
Evaluate 9 + (-23 - 22) + -1 + 8.
-29
(4 - (13 + -20)) + -8 - (10 - (2 - -2))
-3
What is the value of -95 + 12 - (7 - 2 - 23)?
-65
Evaluate -22 + 4 + 19 - 4.
-3
(6 - (15 + -31)) + -16 + -111 + 16
-89
45 + -6 + -4 + -15 + 51
71
Calculate 16 - (29 - (49 + -62)).
-26
Evaluate (239 - -225) + -407 + (-1 - (0 - -8)).
48
What is 0 + 1 + 68 + -255 + -229 + 481?
66
(-2 - -1) + 2 + 1 - (113 + -38 + -9)
-64
What is the value of 539 + -531 + 3 + 0 + -18 + 2?
-5
What is the value of (4 - 5) + -20 + (8 - -22) - (0 - -6)?
3
Evaluate 20 + (19 - (-10 - (1 + -9))).
41
What is -26 + 22 - ((-11 - -2) + -15 + 9 + -3)?
14
Calculate -182 + 114 - (-17 - -2 - 4).
-49
Evaluate (0 - -1) + -25 + 11 - (-20 + 33).
-26
3 + -28 + -4 + -6
-35
What is 49 - (-70 + (69 - -147))?
-97
What is (1114 - 1100) + (-3 - (-6 + 4) - -2) + 70?
85
What is 71 + -75 + (48 - (-1 + 12))?
33
Calculate 45 + 24 - 37 - (0 + 17) - 59.
-44
Calculate 133 - 141 - (19 - -117).
-144
What is (3 - (22 - 2)) + (81 - (57 - 4))?
11
What is 1 + (3 - 4) + 6 - (78 + -72)?
0
Evaluate (50 - 48) + -45 + (-5 - -48).
0
Evaluate (18 - (-11 - (21 + (21 - 76)))) + -63 + -4.
-72
What is the value of -55 + -6 - (4 + (5 - (0 + -7)) + -9)?
-68
What is the value of 6 + -19 + (7 - (-5 + 9)) + -26?
-36
146 + -1 - 66 - 57
22
What is 103 - (112 - 1) - (-52 + 0 - 1)?
45
61 + -28 + -3 - 14
16
Calculate (-1 + -2 + -10 - (600 - 609)) + -40.
-44
Calculate (49 - 86) + -14 + 73.
22
-2 - (20 + -32) - (-7 + 10)
7
Evaluate -15 - ((-2 - (-3 + 19)) + -30).
33
Calculate -62 - (40 - 155) - 71.
-18
What is 545 + -476 - (18 + 3)?
48
(-12 - -10 - 29) + 58
27
Calculate 4 + 15 + -14 - 4 - 8.
-7
13 - -38 - 5 - 2 - -1
45
Calculate 0 - 2 - (-159 + (54 - -33)).
70
Calculate (-39 + 56 - 25) + (8 - (-4 - (-4 - 0))).
0
Evaluate 39 - (96 - 68) - (-26 + 1).
36
-14 + (-53 + 26 - 96) + -6 + 30
-113
Evaluate 72 + -104 - (-30 + 12).
-14
(147 - 57 - -92) + -117
65
Calculate -12 - (9 + -68 - -55).
-8
44 + -114 + (57 - 30)
-43
Evaluate (145 - 246 - -175) + 35 + 0.
109
What is the value of -1 - -4 - (-45 + -48 + 80 - 3)?
19
Calculate -2 + 2 + -39 + 3 + (26 - 15 - 27).
-52
63 + (2 - (-4 - 5 - (36 + -56)))
54
What is the value of (-23 + 10 + 1 - -14) + -9 + 13?
6
11 + (-36 - -29 - (-2 + 24)) - -97
79
Evaluate (-63 - (64 + -132) - (11 - -1)) + -46.
-53
What is -3 + 155 - (-985 - -1225)?
-88
What is (14 - (-4 + 20 + (2 - 6))) + -46?
-44
What is the value of (12 - ((0 - -11) + 13)) + -19?
-31
Calculate (17 + -23 - 7) + (-5 - 1 - 3) + 104.
82
Evaluate -15 + (-2 - (0 + -6) - (48 - (46 + 2))).
-11
What is the value of (1 - -3) + -20 + 30 + (-22 - -6) + -68?
-70
Calculate 31 + (53 - 28 - 49).
7
Evaluate 54 + 0 + -48 + (137 - 71).
72
1 + (-14 - -11) - -3 - (-6 + 3 + -71)
75
Calculate -13 + (-7 - -11) - (143 + -167).
15
What is the value of -8 + 132 - (-45 + 55)?
114
Calculate 124 - 7 - (-44 + 48 + -13).
126
What is -52 + (-25 - (24 - 75))?
-26
What is the value of 62 + -137 + 71 + 0 + -26?
-30
Evaluate 89 + (78 - (146 - -24)).
-3
Evaluate -5 - (1 - (5 + (-5 - 6) + -6 + 21)).
3
What is the value of 14 + (9 - -1) - 14 - (1 + 37)?
-28
-164 - -45 - (66 - 126)
-59
What is the value of 1 - (17 - 26 - -24 - (1 - 5) - -9)?
-27
What is (-38 - 1) + (11 - (-6 - (-8 + -8)))?
-38
Evaluate -340 - -346 - (4 + 1) - (7 + 0).
-6
Calculate -149 + 138 - (15 - (11 + -8)).
-23
Evaluate 11 + -32 + 32 + -12 + 1.
0
What is 63 + (-63 - (-74 - -25))?
49
What is the value of 3 + (